{"id":4117,"date":"2024-03-21T16:49:34","date_gmt":"2024-03-21T15:49:34","guid":{"rendered":"https:\/\/www.bedandbreakfastsauerland.com\/das-sind-wir\/"},"modified":"2024-07-21T12:18:21","modified_gmt":"2024-07-21T10:18:21","slug":"das-sind-wir","status":"publish","type":"page","link":"https:\/\/www.bedandbreakfastsauerland.com\/de\/das-sind-wir\/","title":{"rendered":"Das sind wir"},"content":{"rendered":"\n<style type=\"text\/css\" data-created_by=\"avia_inline_auto\" id=\"style-css-av-lu6za9ek-da802f33d7ac2201b33595638112a04f\">\n.avia-section.av-lu6za9ek-da802f33d7ac2201b33595638112a04f{\nbackground-repeat:no-repeat;\nbackground-image:url(https:\/\/www.bedandbreakfastsauerland.com\/wp-content\/uploads\/2024\/03\/wood-scaled.jpg);\nbackground-position:0% 0%;\nbackground-attachment:scroll;\n}\n<\/style>\n<div id='av_section_1'  class='avia-section av-lu6za9ek-da802f33d7ac2201b33595638112a04f main_color avia-section-default avia-no-border-styling  avia-builder-el-0  el_before_av_section  avia-builder-el-first  vdlp-header avia-full-stretch avia-bg-style-scroll container_wrap sidebar_right'  data-section-bg-repeat='stretch'><div class='container av-section-cont-open' ><main  role=\"main\" itemprop=\"mainContentOfPage\"  class='template-page content  av-content-small alpha units'><div class='post-entry post-entry-type-page post-entry-4117'><div class='entry-content-wrapper clearfix'>\n<div  class='flex_column av-56fqqi-bf33e004ceff672b4f617edcd1f13cf1 av_one_full  avia-builder-el-1  avia-builder-el-no-sibling  first flex_column_div  '     ><style type=\"text\/css\" data-created_by=\"avia_inline_auto\" id=\"style-css-av-7occq-de9eee0f2c3b942b4b04c283fc63dbe6\">\n#top .av-special-heading.av-7occq-de9eee0f2c3b942b4b04c283fc63dbe6{\npadding-bottom:10px;\n}\nbody .av-special-heading.av-7occq-de9eee0f2c3b942b4b04c283fc63dbe6 .av-special-heading-tag .heading-char{\nfont-size:25px;\n}\n.av-special-heading.av-7occq-de9eee0f2c3b942b4b04c283fc63dbe6 .av-subheading{\nfont-size:15px;\n}\n<\/style>\n<div  class='av-special-heading av-7occq-de9eee0f2c3b942b4b04c283fc63dbe6 av-special-heading-h1 blockquote modern-quote modern-centered  avia-builder-el-2  avia-builder-el-no-sibling '><h1 class='av-special-heading-tag'  itemprop=\"headline\"  >Das sind wir.<\/h1><div class=\"special-heading-border\"><div class=\"special-heading-inner-border\"><\/div><\/div><\/div><\/div>\n\n<\/div><\/div><\/main><!-- close content main element --><\/div><\/div><div id='av_section_2'  class='avia-section av-csw56i-27e903bf72a640598cecc8311bfefcb5 main_color avia-section-default avia-no-border-styling  avia-builder-el-3  el_after_av_section  el_before_av_section  vdlp-center avia-bg-style-scroll container_wrap sidebar_right'  ><div class='container av-section-cont-open' ><div class='template-page content  av-content-small alpha units'><div class='post-entry post-entry-type-page post-entry-4117'><div class='entry-content-wrapper clearfix'>\n<div class='flex_column_table av-bj44h6-16f26fd3f89b2d4a430bc09d836fb8e3 sc-av_one_half av-mobile-columns-flex av-columns-reverse av-equal-height-column-flextable'><div  class='flex_column av-bj44h6-16f26fd3f89b2d4a430bc09d836fb8e3 av_one_half  avia-builder-el-4  el_before_av_one_half  avia-builder-el-first  first flex_column_table_cell av-equal-height-column av-align-middle  '     ><section  class='av_textblock_section av-lwt9zvvy-f00377b3147a262fecd2479bffab435f '   itemscope=\"itemscope\" itemtype=\"https:\/\/schema.org\/CreativeWork\" ><div class='avia_textblock'  itemprop=\"text\" ><p>Wir sind Inge und Erwin und leben seit 2009 im sch\u00f6nen Gr\u00f6nebach. Angefangen haben wir mit einer Fr\u00fchst\u00fcckspension mit 4 Doppelzimmern, 2012 kam 1 Wanderh\u00fctte mit 4 Betten dazu.<\/p>\n<p>2019 expandierten wir weiter in die Gastlichkeit, dann bauten wir unseren Vorgarten f\u00fcr das Teehaus um. Ein Jahr sp\u00e4ter kam unser Schnitzelhaus hinzu.<\/p>\n<\/div><\/section><\/div><div class='av-flex-placeholder'><\/div><div  class='flex_column av-913t8q-6dbbb4276059d5efd52c47ad5a0346f5 av_one_half  avia-builder-el-6  el_after_av_one_half  avia-builder-el-last  flex_column_table_cell av-equal-height-column av-align-middle  '     ><style type=\"text\/css\" data-created_by=\"avia_inline_auto\" id=\"style-css-av-lwta0bf2-4feaa34f4301612c0b72718a1b544c8f\">\n.avia-image-container.av-lwta0bf2-4feaa34f4301612c0b72718a1b544c8f img.avia_image{\nbox-shadow:none;\n}\n.avia-image-container.av-lwta0bf2-4feaa34f4301612c0b72718a1b544c8f .av-image-caption-overlay-center{\ncolor:#ffffff;\n}\n<\/style>\n<div  class='avia-image-container av-lwta0bf2-4feaa34f4301612c0b72718a1b544c8f av-styling- avia-align-center  avia-builder-el-7  avia-builder-el-no-sibling '   itemprop=\"image\" itemscope=\"itemscope\" itemtype=\"https:\/\/schema.org\/ImageObject\" ><div class=\"avia-image-container-inner\"><div class=\"avia-image-overlay-wrap\"><img decoding=\"async\" fetchpriority=\"high\" class='wp-image-3624 avia-img-lazy-loading-not-3624 avia_image ' src=\"https:\/\/www.bedandbreakfastsauerland.com\/wp-content\/uploads\/2024\/06\/Isidorus-foto-400x500.jpg\" alt='' title='Isidorus foto'  height=\"500\" width=\"400\"  itemprop=\"thumbnailUrl\"  \/><\/div><\/div><\/div><\/div><\/div><!--close column table wrapper. Autoclose: 1 -->\n\n<p><\/div><\/div><\/div><!-- close content main div --><\/div><\/div><div id='av_section_3'  class='avia-section av-7xwuhm-41dea126f7c9fe384edce22f07b712f4 main_color avia-section-default avia-no-border-styling  avia-builder-el-8  el_after_av_section  el_before_av_section  vdlp-center avia-bg-style-scroll container_wrap sidebar_right'  ><div class='container av-section-cont-open' ><div class='template-page content  av-content-small alpha units'><div class='post-entry post-entry-type-page post-entry-4117'><div class='entry-content-wrapper clearfix'>\n<div class='flex_column_table av-2miud6-25e293921fd6bfb98c85f6339142816d sc-av_one_half av-equal-height-column-flextable'><div  class='flex_column av-2miud6-25e293921fd6bfb98c85f6339142816d av_one_half  avia-builder-el-9  el_before_av_one_half  avia-builder-el-first  first flex_column_table_cell av-equal-height-column av-align-middle  '     ><style type=\"text\/css\" data-created_by=\"avia_inline_auto\" id=\"style-css-av-lwta1bog-9b582b453d29ef810b17ebd5624ad5a6\">\n.avia-image-container.av-lwta1bog-9b582b453d29ef810b17ebd5624ad5a6 img.avia_image{\nbox-shadow:none;\n}\n.avia-image-container.av-lwta1bog-9b582b453d29ef810b17ebd5624ad5a6 .av-image-caption-overlay-center{\ncolor:#ffffff;\n}\n<\/style>\n<div  class='avia-image-container av-lwta1bog-9b582b453d29ef810b17ebd5624ad5a6 av-styling- avia-align-center  avia-builder-el-10  avia-builder-el-no-sibling '   itemprop=\"image\" itemscope=\"itemscope\" itemtype=\"https:\/\/schema.org\/ImageObject\" ><div class=\"avia-image-container-inner\"><div class=\"avia-image-overlay-wrap\"><img decoding=\"async\" fetchpriority=\"high\" class='wp-image-3621 avia-img-lazy-loading-not-3621 avia_image ' src=\"https:\/\/www.bedandbreakfastsauerland.com\/wp-content\/uploads\/2024\/06\/1000007855-400x500.jpg\" alt='' title='1000007855'  height=\"500\" width=\"400\"  itemprop=\"thumbnailUrl\"  \/><\/div><\/div><\/div><\/div><div class='av-flex-placeholder'><\/div><div  class='flex_column av-55ub4q-6612a7dbd058b1856c197216c120250f av_one_half  avia-builder-el-11  el_after_av_one_half  avia-builder-el-last  flex_column_table_cell av-equal-height-column av-align-middle  '     ><section  class='av_textblock_section av-lwta15c3-278a9a390c36b9e49b98f376c947d458 '   itemscope=\"itemscope\" itemtype=\"https:\/\/schema.org\/CreativeWork\" ><div class='avia_textblock'  itemprop=\"text\" ><p>Wir selbst sind viel zu Fu\u00df oder mit dem Fahrrad im Sauerland unterwegs. Aus unserer Erfahrung k\u00f6nnen wir Ihnen sch\u00f6ne und lustige Tipps f\u00fcr Jung und Alt geben.<\/p>\n<p>In unserer Freizeit machen wir auch l\u00e4ngere Reisen, zum Beispiel mit dem Fahrrad von Tilburg nach Santiago de Compostela (2800 km) und nach Rom (2300 km). Au\u00dferdem sind wir dreimal zu Fu\u00df nach Santiago de Compostela gewandert, \u00fcber die Route Primitivo in Nordspanien (320 km), die Route Portugues (628 km) und die Route France (800 km).<\/p>\n<\/div><\/section><\/div><\/div><!--close column table wrapper. Autoclose: 1 -->\n<\/div><\/div><\/div><!-- close content main div --><\/div><\/div><div id='av_section_4'  class='avia-section av-7hos96-c7f31c5f1b57cc6e70682e019aa5c5eb main_color avia-section-default avia-no-border-styling  avia-builder-el-13  el_after_av_section  avia-builder-el-last  vdlp-center avia-bg-style-scroll container_wrap sidebar_right'  ><div class='container av-section-cont-open' ><div class='template-page content  av-content-small alpha units'><div class='post-entry post-entry-type-page post-entry-4117'><div class='entry-content-wrapper clearfix'>\n<div class='flex_column_table av-eleei-480b7196b53661e276ca50623db92f62 sc-av_one_half av-mobile-columns-flex av-columns-reverse av-equal-height-column-flextable'><div  class='flex_column av-eleei-480b7196b53661e276ca50623db92f62 av_one_half  avia-builder-el-14  el_before_av_one_half  avia-builder-el-first  first flex_column_table_cell av-equal-height-column av-align-middle  '     ><section  class='av_textblock_section av-lwt9ddzs-c9b032a2e676a26233970d6b661e9175 '   itemscope=\"itemscope\" itemtype=\"https:\/\/schema.org\/CreativeWork\" ><div class='avia_textblock'  itemprop=\"text\" ><p>Im Sommer arbeitet Erwin unter der Woche vormittags am Erlebnisberg Kappe und anschlie\u00dfend im Kletterpark, wo er sich um die Pflege des Parks k\u00fcmmert. Das ist ein Kletter- und Kraxelwald f\u00fcr Jung und Alt. Eine ziemliche Herausforderung, auf einem Snowboard in den B\u00e4umen zu sitzen oder wie Tarzan zwischen den B\u00e4umen zu schwingen.<\/p>\n<p>Inge ist v\u00f6llig unabh\u00e4ngig und k\u00fcmmert sich um unser B&amp;B, das Teehaus und das Schnitzelhaus, wo sie an Nachmittagen und Wochenenden Hilfe in der K\u00fcche von Erwin bekommt.<\/p>\n<p>Im Winter sind wir seit vielen Jahren Skilehrer bei der Skischule Der Brabander in Winterberg, einer Skischule f\u00fcr Jung und Alt.<\/p>\n<p>Unsere Begeisterung f\u00fcr das Sauerland m\u00f6chten wir gerne an unsere G\u00e4ste weitergeben.<\/p>\n<p>Wir freuen uns darauf, Sie pers\u00f6nlich zu begr\u00fc\u00dfen.<\/p>\n<p>Inge und Erwin<\/p>\n<\/div><\/section><\/div><div class='av-flex-placeholder'><\/div><div  class='flex_column av-57z1h6-e3afa5f5ff0078d8f363df5eb6fbdc20 av_one_half  avia-builder-el-16  el_after_av_one_half  avia-builder-el-last  flex_column_table_cell av-equal-height-column av-align-middle  '     ><style type=\"text\/css\" data-created_by=\"avia_inline_auto\" id=\"style-css-av-lwt9dtj2-12de4e8b94feb5618d0547ca7d8a72d2\">\n.avia-image-container.av-lwt9dtj2-12de4e8b94feb5618d0547ca7d8a72d2 img.avia_image{\nbox-shadow:none;\n}\n.avia-image-container.av-lwt9dtj2-12de4e8b94feb5618d0547ca7d8a72d2 .av-image-caption-overlay-center{\ncolor:#ffffff;\n}\n<\/style>\n<div  class='avia-image-container av-lwt9dtj2-12de4e8b94feb5618d0547ca7d8a72d2 av-styling- avia-align-center  avia-builder-el-17  avia-builder-el-no-sibling '   itemprop=\"image\" itemscope=\"itemscope\" itemtype=\"https:\/\/schema.org\/ImageObject\" ><div class=\"avia-image-container-inner\"><div class=\"avia-image-overlay-wrap\"><img decoding=\"async\" fetchpriority=\"high\" class='wp-image-3627 avia-img-lazy-loading-not-3627 avia_image ' src=\"https:\/\/www.bedandbreakfastsauerland.com\/wp-content\/uploads\/2024\/06\/PICT0067-400x500.jpg\" alt='' title='MINOLTA DIGITAL CAMERA'  height=\"500\" width=\"400\"  itemprop=\"thumbnailUrl\"  \/><\/div><\/div><\/div><\/div><\/div><!--close column table wrapper. Autoclose: 1 -->\n<\/div><\/div><\/div><!-- close content main div --><\/div><\/div><div id='after_section_4'  class='main_color av_default_container_wrap container_wrap sidebar_right'  ><div class='container av-section-cont-open' ><div class='template-page content  av-content-small alpha units'><div class='post-entry post-entry-type-page post-entry-4117'><div class='entry-content-wrapper clearfix'><\/p>\n","protected":false},"excerpt":{"rendered":"","protected":false},"author":1,"featured_media":0,"parent":0,"menu_order":40,"comment_status":"closed","ping_status":"closed","template":"","meta":{"_acf_changed":false,"footnotes":""},"class_list":["post-4117","page","type-page","status-publish","hentry"],"acf":[],"_links":{"self":[{"href":"https:\/\/www.bedandbreakfastsauerland.com\/de\/wp-json\/wp\/v2\/pages\/4117","targetHints":{"allow":["GET"]}}],"collection":[{"href":"https:\/\/www.bedandbreakfastsauerland.com\/de\/wp-json\/wp\/v2\/pages"}],"about":[{"href":"https:\/\/www.bedandbreakfastsauerland.com\/de\/wp-json\/wp\/v2\/types\/page"}],"author":[{"embeddable":true,"href":"https:\/\/www.bedandbreakfastsauerland.com\/de\/wp-json\/wp\/v2\/users\/1"}],"replies":[{"embeddable":true,"href":"https:\/\/www.bedandbreakfastsauerland.com\/de\/wp-json\/wp\/v2\/comments?post=4117"}],"version-history":[{"count":0,"href":"https:\/\/www.bedandbreakfastsauerland.com\/de\/wp-json\/wp\/v2\/pages\/4117\/revisions"}],"wp:attachment":[{"href":"https:\/\/www.bedandbreakfastsauerland.com\/de\/wp-json\/wp\/v2\/media?parent=4117"}],"curies":[{"name":"wp","href":"https:\/\/api.w.org\/{rel}","templated":true}]}}

<style type="text/css" data-created_by="avia_inline_auto" id="style-css-av-lu6za9ek-da802f33d7ac2201b33595638112a04f">
.avia-section.av-lu6za9ek-da802f33d7ac2201b33595638112a04f{
background-repeat:no-repeat;
background-image:url(https://www.bedandbreakfastsauerland.com/wp-content/uploads/2024/03/wood-scaled.jpg);
background-position:0% 0%;
background-attachment:scroll;
}
</style>
<div id='av_section_1'  class='avia-section av-lu6za9ek-da802f33d7ac2201b33595638112a04f main_color avia-section-default avia-no-border-styling  avia-builder-el-0  el_before_av_section  avia-builder-el-first  vdlp-header avia-full-stretch avia-bg-style-scroll container_wrap sidebar_right'  data-section-bg-repeat='stretch'><div class='container av-section-cont-open' ><main  role="main" itemprop="mainContentOfPage"  class='template-page content  av-content-small alpha units'><div class='post-entry post-entry-type-page post-entry-4117'><div class='entry-content-wrapper clearfix'>
<div  class='flex_column av-56fqqi-bf33e004ceff672b4f617edcd1f13cf1 av_one_full  avia-builder-el-1  avia-builder-el-no-sibling  first flex_column_div  '     ><style type="text/css" data-created_by="avia_inline_auto" id="style-css-av-7occq-de9eee0f2c3b942b4b04c283fc63dbe6">
#top .av-special-heading.av-7occq-de9eee0f2c3b942b4b04c283fc63dbe6{
padding-bottom:10px;
}
body .av-special-heading.av-7occq-de9eee0f2c3b942b4b04c283fc63dbe6 .av-special-heading-tag .heading-char{
font-size:25px;
}
.av-special-heading.av-7occq-de9eee0f2c3b942b4b04c283fc63dbe6 .av-subheading{
font-size:15px;
}
</style>
<div  class='av-special-heading av-7occq-de9eee0f2c3b942b4b04c283fc63dbe6 av-special-heading-h1 blockquote modern-quote modern-centered  avia-builder-el-2  avia-builder-el-no-sibling '><h1 class='av-special-heading-tag'  itemprop="headline"  >Das sind wir.</h1><div class="special-heading-border"><div class="special-heading-inner-border"></div></div></div></div>

</div></div></main><!-- close content main element --></div></div><div id='av_section_2'  class='avia-section av-csw56i-27e903bf72a640598cecc8311bfefcb5 main_color avia-section-default avia-no-border-styling  avia-builder-el-3  el_after_av_section  el_before_av_section  vdlp-center avia-bg-style-scroll container_wrap sidebar_right'  ><div class='container av-section-cont-open' ><div class='template-page content  av-content-small alpha units'><div class='post-entry post-entry-type-page post-entry-4117'><div class='entry-content-wrapper clearfix'>
<div class='flex_column_table av-bj44h6-16f26fd3f89b2d4a430bc09d836fb8e3 sc-av_one_half av-mobile-columns-flex av-columns-reverse av-equal-height-column-flextable'><div  class='flex_column av-bj44h6-16f26fd3f89b2d4a430bc09d836fb8e3 av_one_half  avia-builder-el-4  el_before_av_one_half  avia-builder-el-first  first flex_column_table_cell av-equal-height-column av-align-middle  '     ><section  class='av_textblock_section av-lwt9zvvy-f00377b3147a262fecd2479bffab435f '   itemscope="itemscope" itemtype="https://schema.org/CreativeWork" ><div class='avia_textblock'  itemprop="text" ><p>Wir sind Inge und Erwin und leben seit 2009 im schönen Grönebach. Angefangen haben wir mit einer Frühstückspension mit 4 Doppelzimmern, 2012 kam 1 Wanderhütte mit 4 Betten dazu.</p>
<p>2019 expandierten wir weiter in die Gastlichkeit, dann bauten wir unseren Vorgarten für das Teehaus um. Ein Jahr später kam unser Schnitzelhaus hinzu.</p>
</div></section></div><div class='av-flex-placeholder'></div><div  class='flex_column av-913t8q-6dbbb4276059d5efd52c47ad5a0346f5 av_one_half  avia-builder-el-6  el_after_av_one_half  avia-builder-el-last  flex_column_table_cell av-equal-height-column av-align-middle  '     ><style type="text/css" data-created_by="avia_inline_auto" id="style-css-av-lwta0bf2-4feaa34f4301612c0b72718a1b544c8f">
.avia-image-container.av-lwta0bf2-4feaa34f4301612c0b72718a1b544c8f img.avia_image{
box-shadow:none;
}
.avia-image-container.av-lwta0bf2-4feaa34f4301612c0b72718a1b544c8f .av-image-caption-overlay-center{
color:#ffffff;
}
</style>
<div  class='avia-image-container av-lwta0bf2-4feaa34f4301612c0b72718a1b544c8f av-styling- avia-align-center  avia-builder-el-7  avia-builder-el-no-sibling '   itemprop="image" itemscope="itemscope" itemtype="https://schema.org/ImageObject" ><div class="avia-image-container-inner"><div class="avia-image-overlay-wrap"><img decoding="async" fetchpriority="high" class='wp-image-3624 avia-img-lazy-loading-not-3624 avia_image ' src="https://www.bedandbreakfastsauerland.com/wp-content/uploads/2024/06/Isidorus-foto-400x500.jpg" alt='' title='Isidorus foto'  height="500" width="400"  itemprop="thumbnailUrl"  /></div></div></div></div></div><!--close column table wrapper. Autoclose: 1 -->

<p></div></div></div><!-- close content main div --></div></div><div id='av_section_3'  class='avia-section av-7xwuhm-41dea126f7c9fe384edce22f07b712f4 main_color avia-section-default avia-no-border-styling  avia-builder-el-8  el_after_av_section  el_before_av_section  vdlp-center avia-bg-style-scroll container_wrap sidebar_right'  ><div class='container av-section-cont-open' ><div class='template-page content  av-content-small alpha units'><div class='post-entry post-entry-type-page post-entry-4117'><div class='entry-content-wrapper clearfix'>
<div class='flex_column_table av-2miud6-25e293921fd6bfb98c85f6339142816d sc-av_one_half av-equal-height-column-flextable'><div  class='flex_column av-2miud6-25e293921fd6bfb98c85f6339142816d av_one_half  avia-builder-el-9  el_before_av_one_half  avia-builder-el-first  first flex_column_table_cell av-equal-height-column av-align-middle  '     ><style type="text/css" data-created_by="avia_inline_auto" id="style-css-av-lwta1bog-9b582b453d29ef810b17ebd5624ad5a6">
.avia-image-container.av-lwta1bog-9b582b453d29ef810b17ebd5624ad5a6 img.avia_image{
box-shadow:none;
}
.avia-image-container.av-lwta1bog-9b582b453d29ef810b17ebd5624ad5a6 .av-image-caption-overlay-center{
color:#ffffff;
}
</style>
<div  class='avia-image-container av-lwta1bog-9b582b453d29ef810b17ebd5624ad5a6 av-styling- avia-align-center  avia-builder-el-10  avia-builder-el-no-sibling '   itemprop="image" itemscope="itemscope" itemtype="https://schema.org/ImageObject" ><div class="avia-image-container-inner"><div class="avia-image-overlay-wrap"><img decoding="async" fetchpriority="high" class='wp-image-3621 avia-img-lazy-loading-not-3621 avia_image ' src="https://www.bedandbreakfastsauerland.com/wp-content/uploads/2024/06/1000007855-400x500.jpg" alt='' title='1000007855'  height="500" width="400"  itemprop="thumbnailUrl"  /></div></div></div></div><div class='av-flex-placeholder'></div><div  class='flex_column av-55ub4q-6612a7dbd058b1856c197216c120250f av_one_half  avia-builder-el-11  el_after_av_one_half  avia-builder-el-last  flex_column_table_cell av-equal-height-column av-align-middle  '     ><section  class='av_textblock_section av-lwta15c3-278a9a390c36b9e49b98f376c947d458 '   itemscope="itemscope" itemtype="https://schema.org/CreativeWork" ><div class='avia_textblock'  itemprop="text" ><p>Wir selbst sind viel zu Fuß oder mit dem Fahrrad im Sauerland unterwegs. Aus unserer Erfahrung können wir Ihnen schöne und lustige Tipps für Jung und Alt geben.</p>
<p>In unserer Freizeit machen wir auch längere Reisen, zum Beispiel mit dem Fahrrad von Tilburg nach Santiago de Compostela (2800 km) und nach Rom (2300 km). Außerdem sind wir dreimal zu Fuß nach Santiago de Compostela gewandert, über die Route Primitivo in Nordspanien (320 km), die Route Portugues (628 km) und die Route France (800 km).</p>
</div></section></div></div><!--close column table wrapper. Autoclose: 1 -->
</div></div></div><!-- close content main div --></div></div><div id='av_section_4'  class='avia-section av-7hos96-c7f31c5f1b57cc6e70682e019aa5c5eb main_color avia-section-default avia-no-border-styling  avia-builder-el-13  el_after_av_section  avia-builder-el-last  vdlp-center avia-bg-style-scroll container_wrap sidebar_right'  ><div class='container av-section-cont-open' ><div class='template-page content  av-content-small alpha units'><div class='post-entry post-entry-type-page post-entry-4117'><div class='entry-content-wrapper clearfix'>
<div class='flex_column_table av-eleei-480b7196b53661e276ca50623db92f62 sc-av_one_half av-mobile-columns-flex av-columns-reverse av-equal-height-column-flextable'><div  class='flex_column av-eleei-480b7196b53661e276ca50623db92f62 av_one_half  avia-builder-el-14  el_before_av_one_half  avia-builder-el-first  first flex_column_table_cell av-equal-height-column av-align-middle  '     ><section  class='av_textblock_section av-lwt9ddzs-c9b032a2e676a26233970d6b661e9175 '   itemscope="itemscope" itemtype="https://schema.org/CreativeWork" ><div class='avia_textblock'  itemprop="text" ><p>Im Sommer arbeitet Erwin unter der Woche vormittags am Erlebnisberg Kappe und anschließend im Kletterpark, wo er sich um die Pflege des Parks kümmert. Das ist ein Kletter- und Kraxelwald für Jung und Alt. Eine ziemliche Herausforderung, auf einem Snowboard in den Bäumen zu sitzen oder wie Tarzan zwischen den Bäumen zu schwingen.</p>
<p>Inge ist völlig unabhängig und kümmert sich um unser B&amp;B, das Teehaus und das Schnitzelhaus, wo sie an Nachmittagen und Wochenenden Hilfe in der Küche von Erwin bekommt.</p>
<p>Im Winter sind wir seit vielen Jahren Skilehrer bei der Skischule Der Brabander in Winterberg, einer Skischule für Jung und Alt.</p>
<p>Unsere Begeisterung für das Sauerland möchten wir gerne an unsere Gäste weitergeben.</p>
<p>Wir freuen uns darauf, Sie persönlich zu begrüßen.</p>
<p>Inge und Erwin</p>
</div></section></div><div class='av-flex-placeholder'></div><div  class='flex_column av-57z1h6-e3afa5f5ff0078d8f363df5eb6fbdc20 av_one_half  avia-builder-el-16  el_after_av_one_half  avia-builder-el-last  flex_column_table_cell av-equal-height-column av-align-middle  '     ><style type="text/css" data-created_by="avia_inline_auto" id="style-css-av-lwt9dtj2-12de4e8b94feb5618d0547ca7d8a72d2">
.avia-image-container.av-lwt9dtj2-12de4e8b94feb5618d0547ca7d8a72d2 img.avia_image{
box-shadow:none;
}
.avia-image-container.av-lwt9dtj2-12de4e8b94feb5618d0547ca7d8a72d2 .av-image-caption-overlay-center{
color:#ffffff;
}
</style>
<div  class='avia-image-container av-lwt9dtj2-12de4e8b94feb5618d0547ca7d8a72d2 av-styling- avia-align-center  avia-builder-el-17  avia-builder-el-no-sibling '   itemprop="image" itemscope="itemscope" itemtype="https://schema.org/ImageObject" ><div class="avia-image-container-inner"><div class="avia-image-overlay-wrap"><img decoding="async" fetchpriority="high" class='wp-image-3627 avia-img-lazy-loading-not-3627 avia_image ' src="https://www.bedandbreakfastsauerland.com/wp-content/uploads/2024/06/PICT0067-400x500.jpg" alt='' title='MINOLTA DIGITAL CAMERA'  height="500" width="400"  itemprop="thumbnailUrl"  /></div></div></div></div></div><!--close column table wrapper. Autoclose: 1 -->
</div></div></div><!-- close content main div --></div></div><div id='after_section_4'  class='main_color av_default_container_wrap container_wrap sidebar_right'  ><div class='container av-section-cont-open' ><div class='template-page content  av-content-small alpha units'><div class='post-entry post-entry-type-page post-entry-4117'><div class='entry-content-wrapper clearfix'></p>
